{"id":269,"date":"2019-01-24T12:49:06","date_gmt":"2019-01-24T11:49:06","guid":{"rendered":"http:\/\/www.musikerfabrik.de\/songwritercamp\/?page_id=269"},"modified":"2020-02-22T14:43:09","modified_gmt":"2020-02-22T13:43:09","slug":"ablauf-songwritercamp","status":"publish","type":"page","link":"https:\/\/www.musikerfabrik.de\/songwritercamp\/ablauf-songwritercamp\/","title":{"rendered":"Ablauf SongWriterCamp"},"content":{"rendered":"<div class=\"page\" title=\"Page 1\">\n<div class=\"layoutArea\">\n<div class=\"column\">\n<h2>Gesamtablauf SongWriterCamp Hannover (\u00c4nderungen vorbehalten)<\/h2>\n<\/div>\n<\/div>\n<div class=\"layoutArea\">\n<div class=\"column\">\n<h3>Mittwoch, 18. M\u00e4rz 2020<\/h3>\n<ul>\n<li>16:00 Anreise (Hotel- und Privatunterk\u00fcnfte)<\/li>\n<li>18:00 Abendessen (Bistro)<\/li>\n<li>19:30 Begr\u00fc\u00dfung (Moderation Lothar Kosse) \u2013 Raum 2Y1\/2Y2<\/li>\n<li>19:45 Vorstellungsrunde<\/li>\n<li>21:00 Input Lothar Kosse<\/li>\n<li>22:00 ChillOut<\/li>\n<li>23:00 FeierabendDonnerstag, 28. M\u00e4rz 2019<\/li>\n<\/ul>\n<ul>\n<li>09:30 Plenum (Moderation Lothar Kosse)<\/li>\n<li>10:00 Input (Inspiration &amp; Handwerk)<\/li>\n<li>11:00 Co-Writing Teil 1<\/li>\n<li>13:00 Mittagessen &#8211; Bistro<\/li>\n<li>14:00 Co-Writing T eil 2<\/li>\n<li>15:00 Kaffee-Buffet &#8211; Bistro<\/li>\n<li>16:00 Recordingm\u00f6glichkeiten<\/li>\n<li>18:00 Abendessen &#8211; Bistro<\/li>\n<li>19:30 Offene B\u00fchne (Pr\u00e4sentation der neuen Songs, ModerationFrank Wedel)<\/li>\n<li>22:00 ChillOut<\/li>\n<li>23:00 FeierabendFreitag, 29. M\u00e4rz 2019<\/li>\n<\/ul>\n<ul>\n<li>9:30 Plenum (Moderation Lothar Kosse)<\/li>\n<li>10:00 Input (Inspiration &amp; Handwerk)<\/li>\n<li>11:00 Co-Writing Teil 3 (beschildert)<\/li>\n<li>12:00 Recordingm\u00f6glichkeiten (bis 18:00)<\/li>\n<li>13:00 Mittagessen &#8211; Bistro<\/li>\n<li>14:00 Co-Writing Teil 4 (bis 18:00) (beschildert)<\/li>\n<li>15:00 Kaffee-Buffet &#8211; Bistro<\/li>\n<li>18:00 Abendessen &#8211; Bistro<\/li>\n<li>19:30 Offene B\u00fchne (Pr\u00e4sentation der neuen Songs, ModerationFrank Wedel)<\/li>\n<li>22:00 ChillOut<\/li>\n<li>23:00 Feierabend<\/li>\n<\/ul>\n<\/div>\n<\/div>\n<\/div>\n<div class=\"page\" title=\"Page 2\">\n<div class=\"layoutArea\">\n<div class=\"column\">\n<p>Samstag, 30. M\u00e4rz 2019<\/p>\n<ul>\n<li>09:00 Plenum (Meditation &amp; Segnung)<\/li>\n<li>11:30 Input<\/li>\n<li>13:00 Mittagessen<\/li>\n<li>14:00 Cubase Workshop \u2013 Jan-Michel Noeh<\/li>\n<\/ul>\n<ul>\n<li>16:30 Abschluss\/Feedbackrunde \u2013 Bistro<\/li>\n<li>16:30 Kaffee-Buffet &#8211; Bistro<\/li>\n<li>18:00 Abreise (optional)<\/li>\n<li>(\u00c4nderungen vorbehalten)<\/li>\n<\/ul>\n<\/div>\n<\/div>\n<\/div>\n","protected":false},"excerpt":{"rendered":"<p>Gesamtablauf SongWriterCamp Hannover (\u00c4nderungen vorbehalten) Mittwoch, 18. M\u00e4rz 2020 16:00 Anreise (Hotel- und Privatunterk\u00fcnfte) 18:00 Abendessen (Bistro) 19:30 Begr\u00fc\u00dfung (Moderation Lothar Kosse) \u2013 Raum 2Y1\/2Y2 19:45 Vorstellungsrunde 21:00 Input Lothar Kosse 22:00 ChillOut 23:00 FeierabendDonnerstag, 28. M\u00e4rz 2019 09:30 Plenum (Moderation Lothar Kosse) 10:00 Input (Inspiration &amp; Handwerk) 11:00 Co-Writing Teil 1 13:00 Mittagessen &#8211; [&hellip;]<\/p>\n","protected":false},"author":2,"featured_media":0,"parent":0,"menu_order":0,"comment_status":"closed","ping_status":"closed","template":"","meta":{"_acf_changed":false,"content-type":"","footnotes":""},"class_list":["post-269","page","type-page","status-publish","hentry"],"acf":[],"_links":{"self":[{"href":"https:\/\/www.musikerfabrik.de\/songwritercamp\/wp-json\/wp\/v2\/pages\/269","targetHints":{"allow":["GET"]}}],"collection":[{"href":"https:\/\/www.musikerfabrik.de\/songwritercamp\/wp-json\/wp\/v2\/pages"}],"about":[{"href":"https:\/\/www.musikerfabrik.de\/songwritercamp\/wp-json\/wp\/v2\/types\/page"}],"author":[{"embeddable":true,"href":"https:\/\/www.musikerfabrik.de\/songwritercamp\/wp-json\/wp\/v2\/users\/2"}],"replies":[{"embeddable":true,"href":"https:\/\/www.musikerfabrik.de\/songwritercamp\/wp-json\/wp\/v2\/comments?post=269"}],"version-history":[{"count":6,"href":"https:\/\/www.musikerfabrik.de\/songwritercamp\/wp-json\/wp\/v2\/pages\/269\/revisions"}],"predecessor-version":[{"id":729,"href":"https:\/\/www.musikerfabrik.de\/songwritercamp\/wp-json\/wp\/v2\/pages\/269\/revisions\/729"}],"wp:attachment":[{"href":"https:\/\/www.musikerfabrik.de\/songwritercamp\/wp-json\/wp\/v2\/media?parent=269"}],"curies":[{"name":"wp","href":"https:\/\/api.w.org\/{rel}","templated":true}]}}